t**2 - 5*t + 5. Let h = -10 + 5. Let p be m(h). Give y(p).
7
Let o(h) = 2*h - h - 4 + 1. Let k be 66/16 + (-3)/24. What is o(k)?
1
Let d(n) = -n**2 + 7*n - 4. Let t(q) = 2*q**2 - 15*q + 8. Let x(g) = -9*d(g) - 4*t(g). Determine x(3).
4
Suppose 0 = v + 2*v + 3. Let p be ((2 - 0) + 1)*v. Let r(y) = y**3 + 2*y**2 - 3*y - 2. Calculate r(p).
-2
Let z(c) be the second derivative of -c**4/6 + c**3/3 + c**2/2 - 8*c. Calculate z(2).
-3
Let n(q) = -2*q**2 + q - 9. Let s = -7 - -10. Let w(t) = -5*t**2 + 2*t - 19. Let h(l) = s*w(l) - 7*n(l). Give h(0).
6
Let x(g) = 2*g - 9. Let l(h) = h - 4. Let p(b) = -5*l(b) + 2*x(b). Give p(-5).
7
Let t(o) = -o**3 - o**2. Let u be t(-2). Let h be (-3)/(-6)*(-1 - -15). Let v(q) = q**2 + 1 + 3*q + 0 - h*q. Give v(u).
1
Suppose 0*s - 2*q = 5*s - 24, q + 2 = s. Let i(k) = -s - 5*k + 7*k + 7. Suppose 2 = -3*y - 10. Give i(y).
-5
Suppose -9 = -3*b - 2*g - 1, 0 = 3*b + g - 7. Suppose 2*u + 2*u + 5*h + 23 = 0, -2*h - 10 = b*u. Let v(c) = c**3 + 3*c + 3. What is v(u)?
-11
Let s(v) = 3. Let z(i) be the second derivative of i**4/12 + 3*i**3/2 + 5*i**2/2 + i. Let f be z(-8). Let q(t) = t - 1. Let b(o) = f*q(o) - s(o). Give b(-2).
6
Let i(l) = -l**3 - 7*l**2 + 8*l + 8. Suppose -2*q - 8 = q - 4*b, -q - 3*b - 20 = 0. Determine i(q).
8
Let c(q) = q + 8. Let m be c(-5). Let i(d) = d - d**3 - m*d**2 - 4*d + 3*d. What is i(-3)?
0
Let h(v) = 4*v**2 + 4*v + 6. Let c(w) = -w**2. Let r(g) = -5*c(g) - h(g). Suppose 73 = 4*z + 21. Let q = z + -8. Give r(q).
-1
Let y(j) = -12 - j + 2*j + 12 + 4. What is y(0)?
4
Let l(z) be the first derivative of -5/2*z**2 - 1/3*z**3 + 4*z + 2. Give l(-6).
-2
Let k be 2 + 0*(-2)/(-6). Let a(t) = 6*t**2 + 7*t + 6. Let o(f) = 7*f**2 + 8*f + 7. Let u(z) = 6*a(z) - 5*o(z). Give u(k).
9
Let f(k) be the first derivative of -k**2/2 + 11*k + 1. Calculate f(0).
11
Let o = 30 - 31. Let i(u) = 3*u - 1. Give i(o).
-4
Let m(r) be the second derivative of -r**5/20 - r**4/6 + 2*r**3/3 + 3*r**2/2 - 4*r. Determine m(-3).
0
Suppose -3*p - 1 = -5*p + d, 0 = -4*p + 3*d + 3. Let g = 2 + p. Let k be g/(2/4*-4). Let z(w) = -10*w - 1. Give z(k).
9
Let n = -176 - -180. Let y(j) = -j**3 + 3*j**2 + 3*j + 2. Determine y(n).
-2
Let p(r) = -r**2 + 8*r + 9. Let y be p(9). Let m(j) = 3 - 4 - j + 3 + y*j. What is m(4)?
-2
Let g(u) be the first derivative of u**3/3 + 4*u**2 + 4*u + 8. What is g(-6)?
-8
Let a(p) = -5*p + 1. Let q be a(1). Let h be -1 - (1 + -1) - -2. Let z(x) = 2*x**2 + x**2 - 4*x - h - x**2 - 3*x**2. Determine z(q).
-1
Let g(l) = l + 1. Let q be g(-6). Let w be (0 - 2) + 18/(-3). Let b = w - q. Let a(t) = -t**2 - 2*t - 4. Determine a(b).
-7
Let w(i) = -i**3 - i**2 - i + 4. Let s = 47 - 47. Give w(s).
4
Let i = -58 - -61. Let w(q) be the second derivative of 1/2*q**2 + 1/3*q**i + 0 + q. Calculate w(-5).
-9
Let o = 81/2 + -40. Let m(r) be the second derivative of -1/12*r**4 + 0 - o*r**3 - 1/2*r**2 + 3*r. Give m(-3).
-1
Let t be (28/(-42))/(1/6*1). Let b(d) = 2*d - 3. What is b(t)?
-11
Let b(n) = -11*n + 14. Let x(q) = 32*q - 41. Let l(c) = -11*b(c) - 4*x(c). Let p(k) = 15*k - 20. Let u(a) = -13*l(a) - 6*p(a). Determine u(7).
-3
Let i(q) = -q + 1. Let g be i(0). Let v(z) = -2*z. Calculate v(g).
-2
Suppose -3*l - 4*s = -2*l + 11, 0 = 2*l + 5*s + 16. Let h(a) = -2*a**2 - 3*a + 2. Give h(l).
-7
Let a(p) = -2*p + 49. Let i be a(20). Let v(b) = -5 - 2*b + 3 - b**2 + 7*b. Let o(q) = -4*q**2 + 20*q - 9. Let u(n) = i*v(n) - 2*o(n). Give u(3).
6
Let b(q) = 2*q**2 + 4. Let u(a) = 3*a**2 + 5. Let r(o) = 5*b(o) - 4*u(o). What is r(-1)?
-2
Let q(a) be the second derivative of -a**4/3 + a**3/6 + a. Let g(v) = 3*v**2 - 1. Let i be g(1). Suppose i*c - 1 = -3. Calculate q(c).
-5
Let l(u) = -u**3 - 2*u**2 - 1. Let n(i) = i + 4. Let o be n(-6). What is l(o)?
-1
Suppose 2*s + 4*s = 18. Let t(c) be the first derivative of 4*c - 3/2*c**2 + 2 + 1/3*c**s. Give t(4).
8
Let k(o) be the third derivative of 0*o + 0 + 1/12*o**4 + 1/15*o**5 + 1/120*o**6 + 5*o**2 - 1/6*o**3. Calculate k(-3).
2
Let k be (-2)/(3 + -1)*2. Let r(z) = -z + 3*z + 0*z + 0*z - z**2 + 1. Determine r(k).
-7
Suppose 0 = 5*n - 6 - 24. Let v(w) = -w**3 + 8 - 7*w**2 + 3*w + 2*w**3 + 3*w**3 - 3*w**3. Calculate v(n).
-10
Let g(r) = 4*r + 1. Suppose -3*a = a + 5*z - 7, -3*a + 6 = 4*z. Determine g(a).
-7
Let w(v) = -v**2 + 4*v - 4. Let y be w(3). Let t(s) = -7*s**3 - s. Calculate t(y).
8
Let r(m) be the first derivative of -2 - 7/2*m**2 + m. What is r(-1)?
8
Suppose 3*u + 72 = -5*u. Let g(a) = -a**2 - 10*a - 4. Determine g(u).
5
Let t(n) = -n - 1 + 9 - 3 + 7. Let f be t(12). Let l(u) = -u + 8. Give l(f).
8
Let q(n) be the first derivative of -15*n**2/2 - n + 8. Suppose g = -5*u - 21, -3*u = -g - g + 10. Calculate q(g).
14
Let q = 17 - 17. Let d(l) be the third derivative of q + 0*l**3 - 7/60*l**5 + 1/24*l**4 + 0*l - 3*l**2. Determine d(1).
-6
Let d(m) = m**3 - 5*m**2 - 7*m + 5. Let i be 66/10 + (-12)/20. Let w be d(i). Let c be (w - 6/3) + 0. Let n(o) = o**3 + 4*o**2 - o - 3. What is n(c)?
9
Let x(z) = -6*z + 3*z**3 - 2*z**2 + 3 + 8*z**2 - 2*z**3. What is x(-7)?
-4
Let o = 14 - 20. Let w(a) = -a**2 - 7*a - 1. Determine w(o).
5
Let g(y) = y - y**2 - 1 + 3 + 6 - 5*y. Calculate g(-7).
-13
Let b(z) = -3 - 12*z**3 + 6*z**2 + 13*z**3 + z + 3 + 8. Suppose u - 8 = 4. Suppose 0 = -0*c + 2*c + u. What is b(c)?
2
Let i(y) = 10*y - 33. Let v(c) = 7*c - 22. Let w(n) = 5*i(n) - 7*v(n). What is w(10)?
-1
Let b(r) = -5*r**2 - 2*r - 1. Suppose 0 = -3*s + 4*t - 3, 5 = -5*s - 5*t + 4*t. Give b(s).
-4
Let m(h) = 2*h - 4. Let i be m(3). Let c(y) = 4 - y**2 - y - i - 2. Let s be (-16)/7 + (-10)/(-35). What is c(s)?
-2
Let t(o) = o**2 - 10*o + 9. Let k be t(8). Let w = -5 - k. Let q(a) = 4 + 4*a - 3*a - w*a. What is q(5)?
-1
Let x(l) = l**3 - 6*l**2 - 4*l - 16. Let p be x(7). Let m(i) = -3*i + 2. What is m(p)?
-13
Suppose 4*o - 8 = -4*x, -4*o - 6 = -2*x - 2. Suppose -w = x*w + 15. Let p = w - -5. Let u(i) = i**3 + i - 7. Calculate u(p).
-7
Let s(f) = -f**2 + 5*f - 4. Let b be (-34)/(-10) - 10/25. Suppose -b*n + j = -13, 3*j + 12 = 4*n - 7. Give s(n).
0
Suppose -4*z + q = -10, -4*z + 3*q + 11 + 3 = 0. Let p(b) be the first derivative of 2*b - 1/2*b**z - 2. Calculate p(0).
2
Let j(c) be the first derivative of -2*c**3/3 + c**2 + 3*c - 3. What is j(4)?
-21
Let s(b) = 6*b**2 + 17*b**2 - 5*b**3 + 32*b + 6*b**2 + 10. Let w(o) = -2*o**3 + 10*o**2 + 11*o + 3. Let c(a) = 3*s(a) - 8*w(a). Determine c(-6).
-6
Let v(b) be the first derivative of -b**4/4 + 2*b**3 - 7*b**2/2 + 2*b - 4. What is v(5)?
-8
Let y = -121 - -120. Let q(u) = -16*u**3 + 2*u**2 - 1. Give q(y).
17
Suppose k + 2*k = 15. Let o(q) = q**3 - 4*q**2 - 6*q + 5. Let z be o(k). Let j(s) = 5*s - 2 + z - s**2 - 3. Determine j(5).
-5
Let v(n) = n**3 + 9*n**2 - 10*n + 8. Let i be v(-10). Let f(r) = -r + 1. Calculate f(i).
-7
Let i(h) = -57*h**2 - h - h**3 + 29*h**2 + 33*h**2. Calculate i(2).
10
Let k be (20/16)/(2/(-8)). Let u(i) = 20*i**2 + 18*i + 15. Let n(r) = -7*r**2 - 6*r - 5. Suppose 5*f - 12 = 18. Let a(t) = f*u(t) + 17*n(t). What is a(k)?
0
Let f(w) = 10*w**3 - w**2 - w - 1. Suppose 13 = -4*y + 9. What is f(y)?
-11
Suppose 2*y = -5*p - 16, 3*y - p - 2 = -2*p. Let m(k) = -k**3 + 2*k**2 + k. Determine m(y).
2
Let b(n) = -2*n - 252 + 252. Give b(4).
-8
Let c(d) = -7*d**2 + 22*d + 15. Let p(j) = -11*j**2 + 33*j + 23. Let y(k) = -8*c(k) + 5*p(k). Determine y(11).
-5
Let c(v) = 2*v + 7. Suppose -3*z - 6 = -51. Let b = -20 + z. Give c(b).
-3
Let g = -80 + 87. Let o(s) be the third derivative of s**5/60 - s**4/4 - 3*s**3/2 + 2*s**2. Give o(g).
-2
Let w(k) = 6*k**2 - k. Suppose 3*n + 28 = 3*b - 2*n, 0 = 2*b - 4*n - 22. What is w(b)?
5
Let t(j) = 8*j + 7. Let n(y) = -35*y - 19. Let q(o) = -7*o - 4. Let a(u) = 2*n(u) - 11*q(u). Let v(d) = 5*a(d) - 4*t(d). Calculate v(2).
8
Let b = 1 - -3. Suppose -b*f = -20 - 0. Let n(u) = u - 5. Give n(f).
0
Suppose -2*y - n + 15 = 4*n, 5*n = 5*y + 15. Let w(z) = -z - 10. Determine w(y).
-10
Let d(a) = 3 + 3*a - 2*a - 2*a. What is d(6)?
-3
Let f(q) = 3*q + 4. Let b be f(-3). Let c(m) be the third derivative of -m**5/60 - m**4/8 + 2*m**3/3 - 3*m**2. Calculate c(b).
-6
Suppose -10 = -0*g + 2*g. Let w = 4 + -1. Let t(x) = 2 + 1 + x + 1 - w. What is t(g)?
-4
Suppose -4*w = 2 - 2. Let g(h) = h**3 + h**2 + h - 3. Determine g(w).
-3
Let k(l) 